e hundreds digit of i?
9
Let f be -415 + (-3 - -35)/4. Let r = f + 1305. What is the tens digit of r?
9
Let v(c) = -3385*c - 30. Let t be v(3). What is the units digit of t/(-27) - 4/18?
7
Let m = -40 + -20. Let o be 11/((-55)/m) - 4. What is the units digit of (((-62)/(-3))/(o/(-36)))/(-1)?
3
Let p be ((-6)/(-5))/((-15)/(-50)). Suppose -3*q - p*c + 908 = 0, -8*q + 13*q - 1470 = 2*c. What is the hundreds digit of q?
2
Suppose -31 + 23 = 4*m. What is the hundreds digit of 81/((m/(-42))/((-8)/(-24)))?
5
Suppose 3*r - 170 = -5*f, 5*f - 135 = -r + 35. Let o = f - 17. Suppose 22*w - 100 = o*w. What is the tens digit of w?
2
Let v be 1*(5 + -6)*-1*4. Suppose v*u + 62 = 2*p - 38, p + 5*u = 71. What is the units digit of p?
6
What is the thousands digit of ((24/(-5))/((-73)/219))/(1/2220)?
1
Let i(n) = n + 3. Let h be i(-3). Suppose 2*j = -4*s + 12, -s + h = 5*j - 21. Let b(f) = 197*f + 7. What is the hundreds digit of b(s)?
2
Let q be 620/(-50)*15/6. Let o(s) = s**3 + 32*s**2 + 14*s - 124. What is the tens digit of o(q)?
0
Suppose 21*p + 128401 = 4*a + 24*p, 3*p - 192603 = -6*a. What is the ten thousands digit of a?
3
Let l(v) = -3*v**3 - 56*v**2 + 24*v + 11. Let p be l(-19). Let q = p + 385. What is the tens digit of q?
0
Let z = 48602 + -31584. What is the tens digit of z?
1
Suppose -n - 4*n = -200. Let k = 45 - n. Suppose 3*z = 5*o - 51, 0*o + k*z = -3*o + 51. What is the tens digit of o?
1
Let i be -5*(-5)/25 - -23. Suppose -22*s + i*s - 591 = -a, -3*s = -5*a - 893. What is the tens digit of s?
9
Suppose 404*u + 132 = 416*u. Let n(z) be the third derivative of 13*z**4/24 - 31*z**3/6 - z**2. What is the tens digit of n(u)?
1
Let j(x) = -5*x**2 - 5*x + 5. Let f be j(10). Let n = 37 - f. What is the units digit of n?
2
Let i = 99 - 18. Suppose -i + 4 = -v + 5*b, 0 = -b - 5. Suppose -3*u + u = 2*f - v, -2*f + 48 = 3*u. What is the tens digit of f?
3
Suppose -635*f + 603*f + 337696 = 0. What is the thousands digit of f?
0
What is the tens digit of 8015*12*(-3)/(-36)?
1
Let g = -5748 + 31992. What is the units digit of g?
4
Suppose -13*j = -12*j + 47. Let s = j + 52. Suppose -s*i = 5*x - 30, 0 = i - 2*x - 13 - 8. What is the units digit of i?
1
Let f(a) = -2*a**2 + 100*a + 18443. What is the ten thousands digit of f(0)?
1
Suppose -5*j + 631*h - 630*h + 106 = 0, 4*h = 5*j - 94. What is the tens digit of j?
2
Suppose 3478 = 15*u - 3227. Let a = u + -13. What is the units digit of a?
4
Let b = 189 + 26. Let k = 175 + b. What is the units digit of k?
0
Suppose -57*n = i - 61*n - 37216, -2*n - 4 = 0. What is the hundreds digit of i?
2
Let g(p) = 64*p + 169. What is the tens digit of g(17)?
5
Let k(r) = -13*r - 13. Suppose 0 = -2*g + 2, 0 = 9*m - 5*m - 2*g - 138. Suppose 46 = -n + m. What is the hundreds digit of k(n)?
1
Let k(g) = 11*g + 82. Let s be k(-8). What is the units digit of (12/(-8) + -1)/(1/s)?
5
Suppose 93771 = -0*x + 5*x + 23476. What is the hundreds digit of x?
0
Let s = -219 - -221. What is the tens digit of (-262)/((-1)/s*(-7 - -9))?
6
Let m = 1871 - 203. Let c = m + -900. What is the units digit of c?
8
Let l(j) = -3741*j**3 - 6*j**2 - 6*j + 2. What is the hundreds digit of l(-1)?
7
Suppose 0 = -f - 8, 5*f - 99515 = -4*b + 20357. What is the units digit of b?
8
Let s = -5 + 15. Let d(b) = -b + 13. Let o be d(s). Suppose 4*z - p - 64 = o*p, 52 = 5*z + 2*p. What is the tens digit of z?
1
Suppose 0 = 3*i + 4*x - 79125, 8*i = 13*i - 5*x - 131875. What is the thousands digit of i?
6
What is the ten thousands digit of ((-7575)/(-30))/(265/1500 + (-1)/6)?
2
Let t be (-1)/4 - 4035/(-12). Let i = t + -136. What is the hundreds digit of i?
2
Suppose r - 132 - 277 = -2*k, -k = 3*r - 202. Suppose 842 = 4*o + 3*c, o - 2*c = -0*o + k. Suppose -176 - o = -5*w. What is the tens digit of w?
7
Let x = -129 - -191. Let s = -161 + 84. Let r = x - s. What is the units digit of r?
9
Suppose 25 = -5*k - 5. Let j be k/(-2)*(-25)/15*-1. Suppose 2*u - 87 = 3*d + 34, -315 = -5*u + j*d. What is the units digit of u?
8
Let y(k) = k**2 - 15*k - 59. Let h be 1*(-5 + 2) + 27. What is the tens digit of y(h)?
5
Let f(l) = -1500*l - 160. What is the hundreds digit of f(-4)?
8
Let b(w) = 21772*w**2 - 120*w - 120. What is the units digit of b(-1)?
2
Suppose -82 = 5*v - x + 1211, 0 = 2*v + x + 513. What is the tens digit of ((-8)/(-24))/((-2)/v)?
4
Let u = -21 + 30. Let n be (-9 - 914)/13 - 6. What is the units digit of 3*n*(-3)/u?
7
Let f be (-4)/6*42/(-4). Let q(d) = 13*d**2 - 38*d + 53. Let i(k) = -4*k**2 + 12*k - 17. Let t(c) = -7*i(c) - 2*q(c). What is the units digit of t(f)?
5
Let s be (15/25)/((4/(-4))/(-10)). Let c be -9*(s - 2)*3/(-12). Suppose -10*u + c*u + 25 = 0. What is the tens digit of u?
2
Let w be (-15 + 15)/(-2*1). Suppose 5*c + 2*d - 85 = 0, w = 2*c - 6*d + 3*d - 34. What is the units digit of c?
7
Let w = -13412 - -24780. What is the ten thousands digit of w?
1
Let v be 1/(-4)*2*2. Let h be (-54)/(-10) + v - 8/20. Suppose 4*x + 2*t = 66, 77 = 5*x - h*t + t. What is the tens digit of x?
1
What is the units digit of (-1 - -4735)/(18 - 17)?
4
Suppose 0 = -3*y + 4*v + 16030 + 2185, -30353 = -5*y + 4*v. What is the tens digit of y?
6
Suppose -h = k - 50, 7*k + 2*h = 8*k - 35. Suppose 3*z = 48 + 33. What is the units digit of 626/10 - z/k?
2
Suppose -10*j + j + 4*j + 104450 = 0. What is the tens digit of j?
9
Suppose 0 = -4*k - 4*o + 292212, o = 6*k - k - 365241. What is the units digit of k?
9
Let g(r) = 38361*r**2 + 210*r - 2. What is the hundreds digit of g(1)?
5
Suppose 0 = -5*n + 1928 + 212. What is the tens digit of ((-126)/(-28))/(1/n)?
2
Let h = 2462 + -1451. Let j = h + -539. What is the hundreds digit of j?
4
Let d(q) = 2*q**2 - 3*q - 6. Let o be d(4). Suppose -16*b + o*b + 6 = 0. What is the hundreds digit of 10/(-15) + b*1257/27?
1
Suppose 2*r - 3*r + 505 = 0. Suppose 5*g + 5*s + r = 0, 481 = -5*g - 0*s + 3*s. Let o = 181 + g. What is the units digit of o?
3
Suppose 72*j + 1384898 - 34322 = 185*j. What is the hundreds digit of j?
9
Suppose -7*t - 144 = -19*t. Suppose 0 = -t*n + 4101 + 6759. What is the tens digit of n?
0
Let c(k) = -5*k**3 - k**2 + k + 2. Let l be (-7)/(-1) + -3 - 6. What is the tens digit of c(l)?
3
Suppose -24*c - 490 + 226 = 0. Let p(a) = 20*a - 6. Let w be p(4). Let r = c + w. What is the tens digit of r?
6
Let k = 106 - 102. Suppose 3*r + 791 = h - 17, -k*r - 1081 = -5*h. Let a = 383 + r. What is the hundreds digit of a?
1
Let g(h) = 16*h + 1310*h**3 - 225*h**3 + 384*h**3 - 28*h**2 + 5 - 23*h + 30*h**2. What is the tens digit of g(1)?
6
Suppose 3*a + 331 = d - 92, -862 = -2*d + 2*a. Let c = 861 - d. What is the hundreds digit of c?
4
Let t = -6518 + 11121. What is the hundreds digit of t?
6
Let m = 374 - 371. Suppose 2*o + 5*d = 1666, m*o + 2*o + 5*d = 4180. What is the hundreds digit of o?
8
Let q = 411 + 184. Suppose -23*v = -13504 - q. What is the hundreds digit of v?
6
Suppose 0 = -7*o - 0*o + 6*o + 32. What is the units digit of o?
2
Suppose 5*t + 720 = 7*f - 6*f, -f - t = -720. Suppose 3*w - 3600 = -2*w - 2*p, w + p = f. What is the hundreds digit of w?
7
Suppose 378*h = 380*h + 6, -105709 = -2*q + h. What is the hundreds digit of q?
8
Let b be (-4)/8 + (-38696)/(-16) + -5. Let s = b + -1349. What is the tens digit of s?
6
What is the tens digit of -3*(-10)/(-285) + (-32169728)/(-1007)?
4
Let t(u) = u**2 - 19*u - 42. Let g be t(21). Suppose g = 9*w - 377 - 1756. What is the tens digit of w?
3
Let l(a) = -a**3 + 61*a**2 + 63*a - 771. What is the ten thousands digit of l(41)?
3
Suppose 0 = -5*f + 13 + 7. Let t(d) = 6*d**2 - 39*d - 222. Let u be t(-5). Suppose 4*j - u - 315 = 5*p, 4*p + 436 = f*j. What is the units digit of j?
7
Suppose 0 = 3*c - 15*g + 10*g - 1364, -4*g = 5*c - 2224. What is the tens digit of c?
4
Suppose 440638 + 129592 = 27*f - 17*f. What is the ten thousands digit of f?
5
Suppose -3*u = 4*n - 100736, u + 2*n - 51098 + 17516 = 0. What is the thousands digit of u?
3
Let o(c) = -c**3 - 18*c**2 - 23*c - 16. Let m = -54 + 38. Let d be o(m). What is the units digit of (d - (3 - 4))*(-2)/3?
6
Let j(d) = -d**2 - 30*d + 64. Let h be j(2). Suppose 3*t - s - 1201 = h, -5*t - 2*s + 7*s = -2005. What is the tens digit of t?
0
What is the hundreds digit of 790 + (-2 - ((-14)/(-56) - (-5)/(-4)))?
7
Let i(t) = 470*t*